-t**2 + 7*t + 2. Let m(y) = 7*y**3 - y**2 + y. Let o be m(1). Let g be v(o). Suppose f + 337 = 3*b, -5*f = -g - 8. List the prime factors of b.
113
Let p = -136 - -234. Suppose 0 = -c - p + 491. List the prime factors of c.
3, 131
Suppose 3*s - 7*s + 223 = -3*j, -4*j = 5*s - 271. List the prime factors of 5*s - 36/(-6).
281
Suppose -2*d - 7 = -3*d + l, -5*d + 19 = 3*l. Let b be (-542)/(-18) + d/(-45). Suppose -b = g - 40. What are the prime factors of g?
2, 5
Suppose 0 = h + 3*f + 1379679, 4*f = 2*h + 6*f + 2759338. What are the prime factors of (-2)/10 - (h/65)/18?
3, 131
Suppose -31*q - 38387 = -54*q. What are the prime factors of q?
1669
Let b(r) = 2*r**2 - 18. Let z be b(3). Suppose z = 14*v - 28*v + 924. List the prime factors of v.
2, 3, 11
Let r(o) = -o**3 - o + 17. Suppose 3*x - 5*x = 0. Let c be r(x). Let d = c - -32. What are the prime factors of d?
7
Suppose 2*z - 6*z = -20. Suppose z*x - 15 + 5 = 0. Suppose 3*w + 2 + 1 = x*i, 3*w - 15 = 0. What are the prime factors of i?
3
Let k = -47347 - -75319. List the prime factors of k.
2, 3, 7, 37
Suppose 6*r = -0*r - 1140. What are the prime factors of (-96)/(-5) + 38/r?
19
Suppose -1328*v + 87540 = -1323*v. List the prime factors of v.
2, 3, 1459
Let d be -250 - 6/10*15. Suppose 0 = -5*c + 2*c - 1146. Let p = d - c. List the prime factors of p.
3, 41
Suppose -28*z - 65471 = 19*z. Let r = z - -2927. List the prime factors of r.
2, 13, 59
Suppose -4*a = -6*a - 4*n + 44892, 2*n = a - 22470. List the prime factors of a.
2, 3, 19, 197
Suppose -190 = -z + 3*h + 283, 0 = -2*z - 3*h + 919. What are the prime factors of z?
2, 29
Suppose 28 + 51 = -x. Let u be -1 + 4 + (-9 - -3) + 184. Let a = u + x. What are the prime factors of a?
2, 3, 17
Let k(y) = 8*y**3 - 8*y**2 + 40*y - 36. What are the prime factors of k(10)?
2, 31, 61
Let f = -124 - -266. Suppose 140*b + 472 = f*b. What are the prime factors of b?
2, 59
Let p = 39194 - 26215. List the prime factors of p.
12979
Suppose -5*y + 36 = 5*m - 14, 3*y - 40 = -m. Let k = 55 + -35. Let r = k - y. List the prime factors of r.
5
List the prime factors of 2915/2332 - (-277182)/8.
34649
Suppose 0 = -8*h - 2*h + 234530. Suppose h = 30*w - 217. List the prime factors of w.
3, 263
Let w = 14061 - -21760. List the prime factors of w.
113, 317
Suppose -3 = o + 4*q - 13, 2*q - 32 = 4*o. Let z be (-98 - 10)/(o/20). Let b = -176 + z. List the prime factors of b.
2, 23
Let q = -4558 - -4555. Let y(n) = -45*n - 6. Let b(v) = -46*v - 6. Let g(m) = -2*b(m) + 3*y(m). List the prime factors of g(q).
3, 41
Suppose 36766 + 492 = 4*q + 2*o, 27945 = 3*q + 2*o. List the prime factors of q.
67, 139
Suppose -5 = -5*o - 75. Let w(f) = 6*f**2 + 34 - 18*f**2 - f**3 + 23*f + 0. What are the prime factors of w(o)?
2, 13
Let o = 22672 + -15052. What are the prime factors of o?
2, 3, 5, 127
Let b be 12*(35/(-10) + 2). List the prime factors of (3/(b/(-68)))/(26/3549).
7, 13, 17
Let s(w) = -10*w + 17. Let o be s(8). Let x be 20/7 + (-9)/o. Suppose -5*d = -2*k + 169, 0 = -5*k - 0*k - x*d + 407. What are the prime factors of k?
2, 41
Suppose -6*z = -12*z - 264. Let v be z/(1 + 4/(-8)). Let l = v + 144. What are the prime factors of l?
2, 7
Let g = -45 + 45. Let c be 54/(-18) - (0 - (g + 1691)). What are the prime factors of (-1)/(45/(-10)) - c/(-18)?
2, 47
Let c(h) = -354*h**3 - h**2 + 1. Suppose 0*s = -3*x - 2*s - 3, -5*x = 5*s + 5. What are the prime factors of c(x)?
2, 3, 59
Suppose 12 = 3*z, 0 = -3*v - 63*z + 60*z + 1542. What are the prime factors of v?
2, 3, 5, 17
Let a = -8029 - -38825. What are the prime factors of a?
2, 7699
List the prime factors of (36/30)/(19/142785).
2, 3, 167
Let s = -705 + 800. Suppose -s*h + 92*h + 3*z + 3099 = 0, -3*z - 4133 = -4*h. List the prime factors of h.
2, 11, 47
Let w(y) = -14*y + 37. Let b(d) = -9. Let g(c) = -4*b(c) - w(c). Suppose 3*i + 47 = 2*o, 37 = 3*o - o - i. What are the prime factors of g(o)?
223
Suppose -244*n = -123*n - 135*n + 906822. What are the prime factors of n?
3, 2399
Suppose -1366 = 2*g + 5*g - 64205. List the prime factors of g.
47, 191
Let w = 23 + -22. Let z be (-1)/(((-54)/14 + 4)*w). Let c(v) = -v**3 - 6*v**2 - 16*v + 6. What are the prime factors of c(z)?
167
Let h(b) = -b - 1. Suppose 0 = -z - r - 1, 3*z + r + r + 3 = 0. Let x(u) = -20*u + 1. Let k(s) = z*x(s) + h(s). What are the prime factors of k(6)?
2, 7
Suppose -5*d - 44 - 196 = -5*g, g + 2*d - 54 = 0. Suppose 7*a = -g + 1086. What are the prime factors of a?
2, 37
Let u(t) = -t + 5. Let y be u(1). Suppose 8 = 2*k, -2*g - 41 - 5 = -y*k. What are the prime factors of (-1 + -3)/(2/g)?
2, 3, 5
Let f(v) = v**3 + 2*v**2 + v + 10. Let m be f(-4). Let b(j) = 4*j**2 + 85*j + 1. List the prime factors of b(m).
3, 5, 11
Suppose -2*f + 4*t - 32 = 2*t, 0 = 2*f + 3*t + 17. What are the prime factors of (-712)/(-5) + f/((-195)/9)?
11, 13
Suppose 170*x - 303355 - 676692 = 2065843. List the prime factors of x.
19, 23, 41
Suppose -18*i + 22 = 4*i. What are the prime factors of 51*((-2)/i + 8)?
2, 3, 17
Let k(p) = p**3 + 15*p**2 + 89*p + 16. What are the prime factors of k(22)?
2, 9941
Let o = -120 + 123. Suppose -4 = -o*n - 16. What are the prime factors of (74/n)/1*(-1 - 5)?
3, 37
Let q(n) = -30*n + 10. Let g be q(-7). Suppose 33*r = 36*r - 48. Suppose -18*z + g = -r*z. What are the prime factors of z?
2, 5, 11
Let d(j) = -j**2 + 11*j + 47. Let a be d(12). Let k be (-20)/a + 32/7. Suppose 0 = 22*r - 23*r + k. List the prime factors of r.
2
Let u = 21136 + -10079. What are the prime factors of u?
11057
Let g = -537 + 579. Suppose -u + 4*u = 144. Suppose b - g = u. List the prime factors of b.
2, 3, 5
Suppose 0 = -12*d + 1 + 59. Suppose d*j + 1126 = 6*j. What are the prime factors of j?
2, 563
Let p(f) = -8*f - 129. Let b be p(-21). Let c(i) = -i**3 + 38*i**2 + 45*i - 47. List the prime factors of c(b).
11, 17
Suppose -63*u + 3 = -64*u. What are the prime factors of ((-15)/u)/5 + 1 + 326?
2, 41
Suppose 0 = 5*n - 2*p - 16, -n + 36*p = 35*p - 5. Suppose 0 = 3*m + 3*z - 1356, n*m - 102 = 2*z + 798. List the prime factors of m.
11, 41
Let a(i) = i**2 + 15*i + 31. Let h be a(-13). Suppose -47*t = -42*t + h*l - 3710, 2 = -l. List the prime factors of t.
2, 3, 31
Suppose -582078 = -71*m + 29*m. List the prime factors of m.
13859
Suppose 0 = -2*w + 7*w - 60. Suppose -p + 3 = w. What are the prime factors of (-2)/p - (-16023)/189?
5, 17
Let u = 2 + 6. Suppose -540 = -u*b + 5*b. What are the prime factors of (251/1 - 1)*72/b?
2, 5
List the prime factors of (-1)/(-15) - (5402254/(-165) - -2).
3, 7, 1559
Let h(n) = -n**2 - 11*n - 21. Let p be h(-6). Let k(q) = q**3 + 3*q**2 - 21*q - 12. What are the prime factors of k(p)?
3, 257
Let y(o) = 380*o**3 + 10*o**2 + 3*o + 4. Let g be y(-2). Let l = 4413 + g. What are the prime factors of l?
17, 83
Let p(i) = 570*i + 475. What are the prime factors of p(76)?
5, 19, 461
Suppose 0 = 9*m + 7 - 25. Suppose -3*g + 3*i + 16 = 4, 3*g + 2*i - m = 0. Suppose 4*u = -5*k + 538, -k - 262 = -g*u - 0*k. What are the prime factors of u?
2, 3, 11
Suppose f + 896 = 5*d, -2*f = -3*d + 424 + 108. Suppose -d = -2*s - 2*s. Let g = 48 - s. List the prime factors of g.
3
Let z = -9 + 6. Let q be -12*1*z/(-9). Let k = 95 + q. List the prime factors of k.
7, 13
List the prime factors of 2/4 - (-98)/(-28) - (-7 + -18735).
7, 2677
Let x(m) = m**3 - 20*m**2 - m - 2. Let k be x(20). Let l(v) = v**3 + 23*v**2 + 18*v - 35. List the prime factors of l(k).
53
List the prime factors of (-50482)/(-5) + -5*(-28)/(-350).
2, 631
Let u be (-1 + 3)*5/2. Suppose 5*v = u*l + 2 + 3, -5*l - 14 = -2*v. What are the prime factors of v/(-18) + (-2200)/(-48)?
2, 23
Let q be ((-11008)/44 + 2/11)*2. Let p = q + 830. What are the prime factors of p?
2, 3, 5, 11
Let z(x) = -6*x**2 + 21 - 16*x**2 + x**3 + 1175*x - 1136*x. Let u be z(20). Let v(g) = 150*g**3 + g**2 - 1. List the prime factors of v(u).
2, 3, 5
Suppose 4*u = 3*u + 6. Suppose -u*g = -2*g - 0*g. Suppose 2*k + 8 = 2*t + 104, -2*k + 4*t + 98 = g. List the prime factors of k.
47
Let k(l) = l**3 - l**2 + 1. Let w(m) = m + 7*m**2 + 5 - 21*m**3 + 15*m**3 - 7. Let z(r) = 5*k(r) + w(r). What are the prime factors of z(2)?
5
Let t(p) = -21*p**2 - 7*p + 4. Let r(d) = 40*d**2 + 13*d - 7. Let n(u) = -2*r(u) - 5*t(u). What are the prime factor